{"id":3832,"date":"2024-11-26T19:34:28","date_gmt":"2024-11-26T19:34:28","guid":{"rendered":"https:\/\/fabricadesites.top\/clube\/?page_id=3832"},"modified":"2024-11-26T19:37:48","modified_gmt":"2024-11-26T19:37:48","slug":"politica-de-privacidade","status":"publish","type":"page","link":"https:\/\/ccrc.org.br\/novo\/politica-de-privacidade\/","title":{"rendered":"Pol\u00edtica de Privacidade"},"content":{"rendered":"\t\t<div data-elementor-type=\"wp-page\" data-elementor-id=\"3832\" class=\"elementor elementor-3832\" data-elementor-settings=\"{&quot;ha_cmc_init_switcher&quot;:&quot;no&quot;}\" data-elementor-post-type=\"page\">\n\t\t\t\t<div class=\"elementor-element elementor-element-47a5250 e-flex e-con-boxed e-con e-parent\" data-id=\"47a5250\" data-element_type=\"container\" data-e-type=\"container\" data-settings=\"{&quot;background_background&quot;:&quot;classic&quot;,&quot;background_motion_fx_translateY_effect&quot;:&quot;yes&quot;,&quot;background_motion_fx_translateY_direction&quot;:&quot;negative&quot;,&quot;background_motion_fx_translateY_speed&quot;:{&quot;unit&quot;:&quot;px&quot;,&quot;size&quot;:20,&quot;sizes&quot;:[]},&quot;background_motion_fx_motion_fx_scrolling&quot;:&quot;yes&quot;,&quot;shape_divider_bottom&quot;:&quot;wave-brush&quot;,&quot;background_motion_fx_translateY_affectedRange&quot;:{&quot;unit&quot;:&quot;%&quot;,&quot;size&quot;:&quot;&quot;,&quot;sizes&quot;:{&quot;start&quot;:0,&quot;end&quot;:100}},&quot;background_motion_fx_devices&quot;:[&quot;desktop&quot;,&quot;laptop&quot;,&quot;tablet&quot;,&quot;mobile&quot;],&quot;_ha_eqh_enable&quot;:false}\">\n\t\t\t\t\t<div class=\"e-con-inner\">\n\t\t\t\t<div class=\"elementor-shape elementor-shape-bottom\" aria-hidden=\"true\" data-negative=\"false\">\n\t\t\t<svg xmlns=\"http:\/\/www.w3.org\/2000\/svg\" viewBox=\"0 0 283.5 27.8\" preserveAspectRatio=\"none\">\n\t<path class=\"elementor-shape-fill\" d=\"M283.5,9.7c0,0-7.3,4.3-14,4.6c-6.8,0.3-12.6,0-20.9-1.5c-11.3-2-33.1-10.1-44.7-5.7\ts-12.1,4.6-18,7.4c-6.6,3.2-20,9.6-36.6,9.3C131.6,23.5,99.5,7.2,86.3,8c-1.4,0.1-6.6,0.8-10.5,2c-3.8,1.2-9.4,3.8-17,4.7\tc-3.2,0.4-8.3,1.1-14.2,0.9c-1.5-0.1-6.3-0.4-12-1.6c-5.7-1.2-11-3.1-15.8-3.7C6.5,9.2,0,10.8,0,10.8V0h283.5V9.7z M260.8,11.3\tc-0.7-1-2-0.4-4.3-0.4c-2.3,0-6.1-1.2-5.8-1.1c0.3,0.1,3.1,1.5,6,1.9C259.7,12.2,261.4,12.3,260.8,11.3z M242.4,8.6\tc0,0-2.4-0.2-5.6-0.9c-3.2-0.8-10.3-2.8-15.1-3.5c-8.2-1.1-15.8,0-15.1,0.1c0.8,0.1,9.6-0.6,17.6,1.1c3.3,0.7,9.3,2.2,12.4,2.7\tC239.9,8.7,242.4,8.6,242.4,8.6z M185.2,8.5c1.7-0.7-13.3,4.7-18.5,6.1c-2.1,0.6-6.2,1.6-10,2c-3.9,0.4-8.9,0.4-8.8,0.5\tc0,0.2,5.8,0.8,11.2,0c5.4-0.8,5.2-1.1,7.6-1.6C170.5,14.7,183.5,9.2,185.2,8.5z M199.1,6.9c0.2,0-0.8-0.4-4.8,1.1\tc-4,1.5-6.7,3.5-6.9,3.7c-0.2,0.1,3.5-1.8,6.6-3C197,7.5,199,6.9,199.1,6.9z M283,6c-0.1,0.1-1.9,1.1-4.8,2.5s-6.9,2.8-6.7,2.7\tc0.2,0,3.5-0.6,7.4-2.5C282.8,6.8,283.1,5.9,283,6z M31.3,11.6c0.1-0.2-1.9-0.2-4.5-1.2s-5.4-1.6-7.8-2C15,7.6,7.3,8.5,7.7,8.6\tC8,8.7,15.9,8.3,20.2,9.3c2.2,0.5,2.4,0.5,5.7,1.6S31.2,11.9,31.3,11.6z M73,9.2c0.4-0.1,3.5-1.6,8.4-2.6c4.9-1.1,8.9-0.5,8.9-0.8\tc0-0.3-1-0.9-6.2-0.3S72.6,9.3,73,9.2z M71.6,6.7C71.8,6.8,75,5.4,77.3,5c2.3-0.3,1.9-0.5,1.9-0.6c0-0.1-1.1-0.2-2.7,0.2\tC74.8,5.1,71.4,6.6,71.6,6.7z M93.6,4.4c0.1,0.2,3.5,0.8,5.6,1.8c2.1,1,1.8,0.6,1.9,0.5c0.1-0.1-0.8-0.8-2.4-1.3\tC97.1,4.8,93.5,4.2,93.6,4.4z M65.4,11.1c-0.1,0.3,0.3,0.5,1.9-0.2s2.6-1.3,2.2-1.2s-0.9,0.4-2.5,0.8C65.3,10.9,65.5,10.8,65.4,11.1\tz M34.5,12.4c-0.2,0,2.1,0.8,3.3,0.9c1.2,0.1,2,0.1,2-0.2c0-0.3-0.1-0.5-1.6-0.4C36.6,12.8,34.7,12.4,34.5,12.4z M152.2,21.1\tc-0.1,0.1-2.4-0.3-7.5-0.3c-5,0-13.6-2.4-17.2-3.5c-3.6-1.1,10,3.9,16.5,4.1C150.5,21.6,152.3,21,152.2,21.1z\"\/>\n\t<path class=\"elementor-shape-fill\" d=\"M269.6,18c-0.1-0.1-4.6,0.3-7.2,0c-7.3-0.7-17-3.2-16.6-2.9c0.4,0.3,13.7,3.1,17,3.3\tC267.7,18.8,269.7,18,269.6,18z\"\/>\n\t<path class=\"elementor-shape-fill\" d=\"M227.4,9.8c-0.2-0.1-4.5-1-9.5-1.2c-5-0.2-12.7,0.6-12.3,0.5c0.3-0.1,5.9-1.8,13.3-1.2\tS227.6,9.9,227.4,9.8z\"\/>\n\t<path class=\"elementor-shape-fill\" d=\"M204.5,13.4c-0.1-0.1,2-1,3.2-1.1c1.2-0.1,2,0,2,0.3c0,0.3-0.1,0.5-1.6,0.4\tC206.4,12.9,204.6,13.5,204.5,13.4z\"\/>\n\t<path class=\"elementor-shape-fill\" d=\"M201,10.6c0-0.1-4.4,1.2-6.3,2.2c-1.9,0.9-6.2,3.1-6.1,3.1c0.1,0.1,4.2-1.6,6.3-2.6\tS201,10.7,201,10.6z\"\/>\n\t<path class=\"elementor-shape-fill\" d=\"M154.5,26.7c-0.1-0.1-4.6,0.3-7.2,0c-7.3-0.7-17-3.2-16.6-2.9c0.4,0.3,13.7,3.1,17,3.3\tC152.6,27.5,154.6,26.8,154.5,26.7z\"\/>\n\t<path class=\"elementor-shape-fill\" d=\"M41.9,19.3c0,0,1.2-0.3,2.9-0.1c1.7,0.2,5.8,0.9,8.2,0.7c4.2-0.4,7.4-2.7,7-2.6\tc-0.4,0-4.3,2.2-8.6,1.9c-1.8-0.1-5.1-0.5-6.7-0.4S41.9,19.3,41.9,19.3z\"\/>\n\t<path class=\"elementor-shape-fill\" d=\"M75.5,12.6c0.2,0.1,2-0.8,4.3-1.1c2.3-0.2,2.1-0.3,2.1-0.5c0-0.1-1.8-0.4-3.4,0\tC76.9,11.5,75.3,12.5,75.5,12.6z\"\/>\n\t<path class=\"elementor-shape-fill\" d=\"M15.6,13.2c0-0.1,4.3,0,6.7,0.5c2.4,0.5,5,1.9,5,2c0,0.1-2.7-0.8-5.1-1.4\tC19.9,13.7,15.7,13.3,15.6,13.2z\"\/>\n<\/svg>\t\t<\/div>\n\t\t\t\t<div class=\"elementor-element elementor-element-8b7026f elementor-widget elementor-widget-heading\" data-id=\"8b7026f\" data-element_type=\"widget\" data-e-type=\"widget\" data-widget_type=\"heading.default\">\n\t\t\t\t<div class=\"elementor-widget-container\">\n\t\t\t\t\t<h1 class=\"elementor-heading-title elementor-size-default\">Pol\u00edtica de Privacidade<\/h1>\t\t\t\t<\/div>\n\t\t\t\t<\/div>\n\t\t\t\t\t<\/div>\n\t\t\t\t<\/div>\n\t\t<div class=\"elementor-element elementor-element-125a2eb e-flex e-con-boxed e-con e-parent\" data-id=\"125a2eb\" data-element_type=\"container\" data-e-type=\"container\" data-settings=\"{&quot;_ha_eqh_enable&quot;:false}\">\n\t\t\t\t\t<div class=\"e-con-inner\">\n\t\t\t\t<div class=\"elementor-element elementor-element-d70f126 elementor-widget elementor-widget-text-editor\" data-id=\"d70f126\" data-element_type=\"widget\" data-e-type=\"widget\" data-widget_type=\"text-editor.default\">\n\t\t\t\t<div class=\"elementor-widget-container\">\n\t\t\t\t\t\t\t\t\t<ol><li><b>Designa\u00e7\u00e3o do aplicativo mobile.<\/b><\/li><\/ol><p>Neste Termo de Uso, o associado(a) do CLUBE DE CAMPO DE RIO CLARO, utilizar\u00e1 o servi\u00e7o do aplicativo mobile do CLUBE DE CAMPO DE RIO CLARO, ter\u00e1 o t\u00edtulo de CCRC.<\/p><p>\u00a0<\/p><ol start=\"2\"><li><b>Da finalidade do aplicativo mobile.\u00a0<\/b><\/li><\/ol><p>O Aplicativo mobile \u00e9 restrito aos associados(as) n\u00e3o podendo ser acessado por n\u00e3o associados, uma vez que ir\u00e1 disponibilizar acessos as informa\u00e7\u00f5es pessoais do associado(a), relativos ao financeiro, carteira de identifica\u00e7\u00e3o, perfil do associado(a), hor\u00e1rios de atividades, reservas de espa\u00e7os e demais servi\u00e7os disponibilizados pelo CCRC.<\/p><p>\u00a0<\/p><ol start=\"3\"><li><b>Aceita\u00e7\u00e3o do Termo de Uso e Pol\u00edtica de Privacidade<\/b><\/li><\/ol><p>Ao utilizar os servi\u00e7os, o associado(a) confirma que leu e compreendeu os Termos e Pol\u00edticas aplic\u00e1veis ao servi\u00e7o CCRC disponibilizado pelo aplicativo mobile e concorda em ficar vinculado a eles.<\/p><p>\u00a0<\/p><ol start=\"4\"><li><b>Da utiliza\u00e7\u00e3o.<\/b><\/li><\/ol><p>O associado(a) dever\u00e1 realizar o seu cadastro no aplicativo CCRC informando os dados pelo aplicativo mobile solicitados.<\/p><p>O associado(a) se compromete a n\u00e3o fornecer a senha e demais informa\u00e7\u00f5es do aplicativo mobile a terceiros, se responsabilizando pelo uso indevido do aplicativo mobile na forma da legisla\u00e7\u00e3o inerente \u00e0 esp\u00e9cie.\u00a0<\/p><p>\u00a0<\/p><ol start=\"5\"><li><b>Descri\u00e7\u00e3o do servi\u00e7o<\/b><\/li><\/ol><p>Com o objetivo facilitar o acesso imediato aos associados (as) as suas informa\u00e7\u00f5es e informa\u00e7\u00f5es do Clube de Campo de Rio Claro, que visam proporcionar ao associado(a) maior conforto e facilidade de utiliza\u00e7\u00e3o do Clube de Campo de Rio Claro.<\/p><p>\u00a0<\/p><ol start=\"6\"><li><b>As obriga\u00e7\u00f5es dos associados que utilizam o servi\u00e7o.<\/b><\/li><\/ol><p>O associado(a) \u00e9 respons\u00e1vel pela repara\u00e7\u00e3o de todos e quaisquer danos, diretos ou indiretos (inclusive decorrentes de viola\u00e7\u00e3o de quaisquer direitos de outros associados (as), de terceiros, inclusive direitos de propriedade intelectual, de sigilo e de personalidade), que sejam causados ao Clube de Campo de Rio Claro, a qualquer outro associado (a), ou, ainda, a qualquer terceiro, inclusive em virtude do descumprimento do disposto nestes Termos de Uso e Pol\u00edtica de Privacidade ou de qualquer ato praticado a partir da utiliza\u00e7\u00e3o do servi\u00e7o.<\/p><p>\u00a0<\/p><ol start=\"7\"><li><b>As responsabilidades do CLUBE DE CAMPO DE RIO CLARO.<\/b><\/li><\/ol><p>Disponibilizar ao associado(a) todas as informa\u00e7\u00f5es objeto do dispositivo mobile, mantendo sobre elas o sigilo imposto pela legisla\u00e7\u00e3o inerente \u00e0 esp\u00e9cie, visando facilitar ao associado(a) todas as atividades disponibilizadas pelo Clube de Campo de Rio Claro, que s\u00e3o objeto do aplicativo mobile.<\/p><p>\u00a0<\/p><ol start=\"8\"><li><b>D\u00favidas do associado(a)<\/b><\/li><\/ol><p>Caso o associado(a) tenha alguma d\u00favida sobre este Termo de Uso, ele poder\u00e1 entrar em contato pelo e-mail\u00a0<strong>secretaria@ccrc.org.br\u00a0<\/strong><b>.<\/b><\/p><p>\u00a0<\/p><ol start=\"9\"><li><b>Foro aplic\u00e1vel caso o associado(a) queira realizar alguma reclama\u00e7\u00e3o.<\/b><\/li><\/ol><p>Este Termo ser\u00e1 regido pela legisla\u00e7\u00e3o brasileira. Qualquer reclama\u00e7\u00e3o ou controv\u00e9rsia com base neste Termo ser\u00e1 dirimida exclusivamente pelo Forum da Comarca de Rio Claro-SP.<\/p>\t\t\t\t\t\t\t\t<\/div>\n\t\t\t\t<\/div>\n\t\t\t\t\t<\/div>\n\t\t\t\t<\/div>\n\t\t\t\t<\/div>\n\t\t","protected":false},"excerpt":{"rendered":"<p>Pol\u00edtica de Privacidade Designa\u00e7\u00e3o do aplicativo mobile. Neste Termo de Uso, o associado(a) do CLUBE DE CAMPO DE RIO CLARO, utilizar\u00e1 o servi\u00e7o do aplicativo mobile do CLUBE DE CAMPO DE RIO CLARO, ter\u00e1 o t\u00edtulo de CCRC. \u00a0 Da finalidade do aplicativo mobile.\u00a0 O Aplicativo mobile \u00e9 restrito aos associados(as) n\u00e3o podendo ser acessado [&hellip;]<\/p>\n","protected":false},"author":1,"featured_media":0,"parent":0,"menu_order":0,"comment_status":"closed","ping_status":"closed","template":"elementor_header_footer","meta":{"_acf_changed":false,"footnotes":""},"class_list":["post-3832","page","type-page","status-publish","hentry"],"acf":[],"yoast_head":"<!-- This site is optimized with the Yoast SEO plugin v26.9 - https:\/\/yoast.com\/product\/yoast-seo-wordpress\/ -->\n<title>Pol\u00edtica de Privacidade - Clube de Campo de Rio Claro<\/title>\n<meta name=\"robots\" content=\"index, follow, max-snippet:-1, max-image-preview:large, max-video-preview:-1\" \/>\n<link rel=\"canonical\" href=\"https:\/\/ccrc.org.br\/novo\/politica-de-privacidade\/\" \/>\n<meta property=\"og:locale\" content=\"pt_BR\" \/>\n<meta property=\"og:type\" content=\"article\" \/>\n<meta property=\"og:title\" content=\"Pol\u00edtica de Privacidade - Clube de Campo de Rio Claro\" \/>\n<meta property=\"og:description\" content=\"Pol\u00edtica de Privacidade Designa\u00e7\u00e3o do aplicativo mobile. Neste Termo de Uso, o associado(a) do CLUBE DE CAMPO DE RIO CLARO, utilizar\u00e1 o servi\u00e7o do aplicativo mobile do CLUBE DE CAMPO DE RIO CLARO, ter\u00e1 o t\u00edtulo de CCRC. \u00a0 Da finalidade do aplicativo mobile.\u00a0 O Aplicativo mobile \u00e9 restrito aos associados(as) n\u00e3o podendo ser acessado [&hellip;]\" \/>\n<meta property=\"og:url\" content=\"https:\/\/ccrc.org.br\/novo\/politica-de-privacidade\/\" \/>\n<meta property=\"og:site_name\" content=\"Clube de Campo de Rio Claro\" \/>\n<meta property=\"article:modified_time\" content=\"2024-11-26T19:37:48+00:00\" \/>\n<meta name=\"twitter:card\" content=\"summary_large_image\" \/>\n<meta name=\"twitter:label1\" content=\"Est. tempo de leitura\" \/>\n\t<meta name=\"twitter:data1\" content=\"3 minutos\" \/>\n<script type=\"application\/ld+json\" class=\"yoast-schema-graph\">{\"@context\":\"https:\/\/schema.org\",\"@graph\":[{\"@type\":\"WebPage\",\"@id\":\"https:\/\/ccrc.org.br\/novo\/politica-de-privacidade\/\",\"url\":\"https:\/\/ccrc.org.br\/novo\/politica-de-privacidade\/\",\"name\":\"Pol\u00edtica de Privacidade - Clube de Campo de Rio Claro\",\"isPartOf\":{\"@id\":\"https:\/\/ccrc.org.br\/novo\/#website\"},\"datePublished\":\"2024-11-26T19:34:28+00:00\",\"dateModified\":\"2024-11-26T19:37:48+00:00\",\"breadcrumb\":{\"@id\":\"https:\/\/ccrc.org.br\/novo\/politica-de-privacidade\/#breadcrumb\"},\"inLanguage\":\"pt-BR\",\"potentialAction\":[{\"@type\":\"ReadAction\",\"target\":[\"https:\/\/ccrc.org.br\/novo\/politica-de-privacidade\/\"]}]},{\"@type\":\"BreadcrumbList\",\"@id\":\"https:\/\/ccrc.org.br\/novo\/politica-de-privacidade\/#breadcrumb\",\"itemListElement\":[{\"@type\":\"ListItem\",\"position\":1,\"name\":\"In\u00edcio\",\"item\":\"https:\/\/ccrc.org.br\/novo\/\"},{\"@type\":\"ListItem\",\"position\":2,\"name\":\"Pol\u00edtica de Privacidade\"}]},{\"@type\":\"WebSite\",\"@id\":\"https:\/\/ccrc.org.br\/novo\/#website\",\"url\":\"https:\/\/ccrc.org.br\/novo\/\",\"name\":\"Clube de Campo de Rio Claro\",\"description\":\"Clube de Campo de Rio Claro\",\"publisher\":{\"@id\":\"https:\/\/ccrc.org.br\/novo\/#organization\"},\"potentialAction\":[{\"@type\":\"SearchAction\",\"target\":{\"@type\":\"EntryPoint\",\"urlTemplate\":\"https:\/\/ccrc.org.br\/novo\/?s={search_term_string}\"},\"query-input\":{\"@type\":\"PropertyValueSpecification\",\"valueRequired\":true,\"valueName\":\"search_term_string\"}}],\"inLanguage\":\"pt-BR\"},{\"@type\":\"Organization\",\"@id\":\"https:\/\/ccrc.org.br\/novo\/#organization\",\"name\":\"Clube de Campo de Rio Claro\",\"url\":\"https:\/\/ccrc.org.br\/novo\/\",\"logo\":{\"@type\":\"ImageObject\",\"inLanguage\":\"pt-BR\",\"@id\":\"https:\/\/ccrc.org.br\/novo\/#\/schema\/logo\/image\/\",\"url\":\"https:\/\/ccrc.org.br\/novo\/wp-content\/uploads\/2024\/07\/CCRC-Logotipo-e1724350576690.png\",\"contentUrl\":\"https:\/\/ccrc.org.br\/novo\/wp-content\/uploads\/2024\/07\/CCRC-Logotipo-e1724350576690.png\",\"width\":512,\"height\":629,\"caption\":\"Clube de Campo de Rio Claro\"},\"image\":{\"@id\":\"https:\/\/ccrc.org.br\/novo\/#\/schema\/logo\/image\/\"}}]}<\/script>\n<!-- \/ Yoast SEO plugin. -->","yoast_head_json":{"title":"Pol\u00edtica de Privacidade - Clube de Campo de Rio Claro","robots":{"index":"index","follow":"follow","max-snippet":"max-snippet:-1","max-image-preview":"max-image-preview:large","max-video-preview":"max-video-preview:-1"},"canonical":"https:\/\/ccrc.org.br\/novo\/politica-de-privacidade\/","og_locale":"pt_BR","og_type":"article","og_title":"Pol\u00edtica de Privacidade - Clube de Campo de Rio Claro","og_description":"Pol\u00edtica de Privacidade Designa\u00e7\u00e3o do aplicativo mobile. Neste Termo de Uso, o associado(a) do CLUBE DE CAMPO DE RIO CLARO, utilizar\u00e1 o servi\u00e7o do aplicativo mobile do CLUBE DE CAMPO DE RIO CLARO, ter\u00e1 o t\u00edtulo de CCRC. \u00a0 Da finalidade do aplicativo mobile.\u00a0 O Aplicativo mobile \u00e9 restrito aos associados(as) n\u00e3o podendo ser acessado [&hellip;]","og_url":"https:\/\/ccrc.org.br\/novo\/politica-de-privacidade\/","og_site_name":"Clube de Campo de Rio Claro","article_modified_time":"2024-11-26T19:37:48+00:00","twitter_card":"summary_large_image","twitter_misc":{"Est. tempo de leitura":"3 minutos"},"schema":{"@context":"https:\/\/schema.org","@graph":[{"@type":"WebPage","@id":"https:\/\/ccrc.org.br\/novo\/politica-de-privacidade\/","url":"https:\/\/ccrc.org.br\/novo\/politica-de-privacidade\/","name":"Pol\u00edtica de Privacidade - Clube de Campo de Rio Claro","isPartOf":{"@id":"https:\/\/ccrc.org.br\/novo\/#website"},"datePublished":"2024-11-26T19:34:28+00:00","dateModified":"2024-11-26T19:37:48+00:00","breadcrumb":{"@id":"https:\/\/ccrc.org.br\/novo\/politica-de-privacidade\/#breadcrumb"},"inLanguage":"pt-BR","potentialAction":[{"@type":"ReadAction","target":["https:\/\/ccrc.org.br\/novo\/politica-de-privacidade\/"]}]},{"@type":"BreadcrumbList","@id":"https:\/\/ccrc.org.br\/novo\/politica-de-privacidade\/#breadcrumb","itemListElement":[{"@type":"ListItem","position":1,"name":"In\u00edcio","item":"https:\/\/ccrc.org.br\/novo\/"},{"@type":"ListItem","position":2,"name":"Pol\u00edtica de Privacidade"}]},{"@type":"WebSite","@id":"https:\/\/ccrc.org.br\/novo\/#website","url":"https:\/\/ccrc.org.br\/novo\/","name":"Clube de Campo de Rio Claro","description":"Clube de Campo de Rio Claro","publisher":{"@id":"https:\/\/ccrc.org.br\/novo\/#organization"},"potentialAction":[{"@type":"SearchAction","target":{"@type":"EntryPoint","urlTemplate":"https:\/\/ccrc.org.br\/novo\/?s={search_term_string}"},"query-input":{"@type":"PropertyValueSpecification","valueRequired":true,"valueName":"search_term_string"}}],"inLanguage":"pt-BR"},{"@type":"Organization","@id":"https:\/\/ccrc.org.br\/novo\/#organization","name":"Clube de Campo de Rio Claro","url":"https:\/\/ccrc.org.br\/novo\/","logo":{"@type":"ImageObject","inLanguage":"pt-BR","@id":"https:\/\/ccrc.org.br\/novo\/#\/schema\/logo\/image\/","url":"https:\/\/ccrc.org.br\/novo\/wp-content\/uploads\/2024\/07\/CCRC-Logotipo-e1724350576690.png","contentUrl":"https:\/\/ccrc.org.br\/novo\/wp-content\/uploads\/2024\/07\/CCRC-Logotipo-e1724350576690.png","width":512,"height":629,"caption":"Clube de Campo de Rio Claro"},"image":{"@id":"https:\/\/ccrc.org.br\/novo\/#\/schema\/logo\/image\/"}}]}},"_links":{"self":[{"href":"https:\/\/ccrc.org.br\/novo\/wp-json\/wp\/v2\/pages\/3832","targetHints":{"allow":["GET"]}}],"collection":[{"href":"https:\/\/ccrc.org.br\/novo\/wp-json\/wp\/v2\/pages"}],"about":[{"href":"https:\/\/ccrc.org.br\/novo\/wp-json\/wp\/v2\/types\/page"}],"author":[{"embeddable":true,"href":"https:\/\/ccrc.org.br\/novo\/wp-json\/wp\/v2\/users\/1"}],"replies":[{"embeddable":true,"href":"https:\/\/ccrc.org.br\/novo\/wp-json\/wp\/v2\/comments?post=3832"}],"version-history":[{"count":4,"href":"https:\/\/ccrc.org.br\/novo\/wp-json\/wp\/v2\/pages\/3832\/revisions"}],"predecessor-version":[{"id":3837,"href":"https:\/\/ccrc.org.br\/novo\/wp-json\/wp\/v2\/pages\/3832\/revisions\/3837"}],"wp:attachment":[{"href":"https:\/\/ccrc.org.br\/novo\/wp-json\/wp\/v2\/media?parent=3832"}],"curies":[{"name":"wp","href":"https:\/\/api.w.org\/{rel}","templated":true}]}}